{"id":22,"date":"2023-07-12T00:37:34","date_gmt":"2023-07-12T00:37:34","guid":{"rendered":"https:\/\/aerocargaexpress.com\/?page_id=22"},"modified":"2023-08-08T20:07:29","modified_gmt":"2023-08-08T20:07:29","slug":"nosotros","status":"publish","type":"page","link":"https:\/\/aerocargaexpress.com\/index.php\/nosotros\/","title":{"rendered":"Nosotros"},"content":{"rendered":"\n<div class=\"inherit-container-width wp-block-group alignfull has-background is-layout-constrained\" style=\"background-color:#f2f0e9\">\n<div class=\"wp-block-columns alignwide are-vertically-aligned-center is-layout-flex wp-container-3\">\n<div class=\"wp-block-column is-layout-flow\" style=\"flex-basis:50%\">\n<p class=\"has-text-color\" style=\"color:#000000;font-size:30px;line-height:1.1\">\u00bfQuienes somos?<\/p>\n<\/div>\n\n\n\n<div class=\"wp-block-column is-layout-flow\" style=\"flex-basis:50%\">\n<hr class=\"wp-block-separator has-text-color has-css-opacity has-background is-style-wide\" style=\"background-color:#000000;color:#000000\"\/>\n<\/div>\n<\/div>\n\n\n\n<div class=\"wp-block-columns alignwide is-layout-flex wp-container-7\">\n<div class=\"wp-block-column is-layout-flow\">\n<figure class=\"wp-block-image size-large\"><img decoding=\"async\" loading=\"lazy\" width=\"1024\" height=\"1024\" src=\"http:\/\/aerocargaexpress.com\/wp-content\/uploads\/2023\/07\/Diseno-sin-titulo-38-1024x1024.png\" alt=\"\" class=\"wp-image-101\" srcset=\"https:\/\/aerocargaexpress.com\/wp-content\/uploads\/2023\/07\/Diseno-sin-titulo-38-1024x1024.png 1024w, https:\/\/aerocargaexpress.com\/wp-content\/uploads\/2023\/07\/Diseno-sin-titulo-38-300x300.png 300w, https:\/\/aerocargaexpress.com\/wp-content\/uploads\/2023\/07\/Diseno-sin-titulo-38-150x150.png 150w, https:\/\/aerocargaexpress.com\/wp-content\/uploads\/2023\/07\/Diseno-sin-titulo-38-768x768.png 768w, https:\/\/aerocargaexpress.com\/wp-content\/uploads\/2023\/07\/Diseno-sin-titulo-38.png 1080w\" sizes=\"(max-width: 1024px) 100vw, 1024px\" \/><\/figure>\n<\/div>\n\n\n\n<div class=\"wp-block-column is-layout-flow\">\n<p class=\"has-text-color has-extra-small-font-size\" style=\"color:#000000\">Somos una empresa innovadora y l\u00edder en el \u00e1mbito de la log\u00edstica internacional, dedicada a brindar servicios soluciones de importaci\u00f3n de productos desde cualquier parte del mundo ha Guatemala.<\/p>\n\n\n\n<p>Nuestra pasi\u00f3n por conectar personas con productos de cualquier parte del mundo nos impulsa a ofrecer un servicio excepcional y confiable a cada uno de nuestros clientes.<\/p>\n\n\n\n<p>Respaldados por a\u00f1os de experiencia  en el sector y nuestro equipo con m\u00e1s de 10 a\u00f1os operando y sirviendo a miles de personas y empresas, nos permite sentirnos orgullosos de simplificar, agilizar y mejorar la manera en que los clientes importan sus productos.<\/p>\n<\/div>\n\n\n\n<div class=\"wp-block-column is-layout-flow\">\n<p class=\"has-text-color has-extra-small-font-size\" style=\"color:#000000\">Nuestra red global de aliados comerciales, nuestra tecnolog\u00eda de vanguardia en procesos y nuestro compromiso inquebrantable con la satisfacci\u00f3n de nuestros clientes son los pilares que nos definen.<\/p>\n\n\n\n<p>En Chispudito Express no solo transportamos paquetes, transportamos felicidad, sonrisas y sentimientos. construimos puentes entre culturas y mercados que nos permite brindar acceso ilimitado a lo mejor del mundo para cada cliente en Guatemala.<\/p>\n<\/div>\n<\/div>\n\n\n\n<div class=\"wp-block-media-text alignwide has-media-on-the-right is-stacked-on-mobile is-vertically-aligned-center has-background\" style=\"background-color:#f1f5c7\"><div class=\"wp-block-media-text__content\">\n<div class=\"inherit-container-width wp-block-group is-layout-constrained\" style=\"padding-top:2em;padding-right:2em;padding-bottom:2em;padding-left:2em\">\n<p style=\"font-size:36px;line-height:1.2\">Misi\u00f3n<\/p>\n\n\n\n<p class=\"has-text-align-left has-extra-small-font-size\">\u2013Somos una empresa de log\u00edstica que facilita la importaci\u00f3n de carga y paqueter\u00eda, brindamos soluciones personalizadas que se adaptan a cada necesidad, generando una experiencia de servicio de alta calidad durante todo el proceso, de una forma r\u00e1pida, segura y confiable.<\/p>\n<\/div>\n<\/div><figure class=\"wp-block-media-text__media\"><img decoding=\"async\" loading=\"lazy\" width=\"1024\" height=\"1024\" src=\"http:\/\/aerocargaexpress.com\/wp-content\/uploads\/2023\/07\/Diseno-sin-titulo-47-1024x1024.png\" alt=\"\" class=\"wp-image-164 size-full\" srcset=\"https:\/\/aerocargaexpress.com\/wp-content\/uploads\/2023\/07\/Diseno-sin-titulo-47-1024x1024.png 1024w, https:\/\/aerocargaexpress.com\/wp-content\/uploads\/2023\/07\/Diseno-sin-titulo-47-300x300.png 300w, https:\/\/aerocargaexpress.com\/wp-content\/uploads\/2023\/07\/Diseno-sin-titulo-47-150x150.png 150w, https:\/\/aerocargaexpress.com\/wp-content\/uploads\/2023\/07\/Diseno-sin-titulo-47-768x768.png 768w, https:\/\/aerocargaexpress.com\/wp-content\/uploads\/2023\/07\/Diseno-sin-titulo-47.png 1080w\" sizes=\"(max-width: 1024px) 100vw, 1024px\" \/><\/figure><\/div>\n\n\n\n<div style=\"height:40px\" aria-hidden=\"true\" class=\"wp-block-spacer\"><\/div>\n<\/div>\n\n\n\n<div class=\"wp-block-media-text alignwide is-stacked-on-mobile is-vertically-aligned-center has-background\" style=\"background-color:#fffdea\"><figure class=\"wp-block-media-text__media\"><img decoding=\"async\" loading=\"lazy\" width=\"274\" height=\"184\" src=\"http:\/\/aerocargaexpress.com\/wp-content\/uploads\/2023\/07\/images.jpg\" alt=\"\" class=\"wp-image-160 size-thumbnail\"\/><\/figure><div class=\"wp-block-media-text__content\">\n<div class=\"inherit-container-width wp-block-group is-layout-constrained\" style=\"padding-top:2em;padding-right:2em;padding-bottom:2em;padding-left:2em\">\n<p style=\"font-size:36px;line-height:1.2\">Visi\u00f3n.<\/p>\n\n\n\n<p class=\"has-extra-small-font-size\">\u2013 Ser el mejor aliado comercial del mercado en servicios de log\u00edstica de importaciones de carga y paqueter\u00eda, fortaleciendo las relaciones con nuestros clientes a trav\u00e9s de la comunicaci\u00f3n personalizada y atenci\u00f3n en cada proceso que realice con nosotros, expandiendo el servicio a diferentes puntos geogr\u00e1ficos de Guatemala.<\/p>\n<\/div>\n<\/div><\/div>\n","protected":false},"excerpt":{"rendered":"<p>\u00bfQuienes somos? Somos una empresa innovadora y l\u00edder en el \u00e1mbito de la log\u00edstica internacional, dedicada a brindar servicios soluciones de importaci\u00f3n de productos desde cualquier parte del mundo ha Guatemala. Nuestra pasi\u00f3n por conectar personas con productos de cualquier parte del mundo nos impulsa a ofrecer un servicio excepcional y confiable a cada uno &hellip;<\/p>\n<p class=\"read-more\"> <a class=\"\" href=\"https:\/\/aerocargaexpress.com\/index.php\/nosotros\/\"> <span class=\"screen-reader-text\">Nosotros<\/span> Leer m\u00e1s &raquo;<\/a><\/p>\n","protected":false},"author":1,"featured_media":0,"parent":0,"menu_order":0,"comment_status":"closed","ping_status":"closed","template":"","meta":{"site-sidebar-layout":"default","site-content-layout":"default","ast-global-header-display":"","ast-banner-title-visibility":"","ast-main-header-display":"","ast-hfb-above-header-display":"","ast-hfb-below-header-display":"","ast-hfb-mobile-header-display":"","site-post-title":"disabled","ast-breadcrumbs-content":"","ast-featured-img":"","footer-sml-layout":"","theme-transparent-header-meta":"","adv-header-id-meta":"","stick-header-meta":"","header-above-stick-meta":"","header-main-stick-meta":"","header-below-stick-meta":""},"_links":{"self":[{"href":"https:\/\/aerocargaexpress.com\/index.php\/wp-json\/wp\/v2\/pages\/22"}],"collection":[{"href":"https:\/\/aerocargaexpress.com\/index.php\/wp-json\/wp\/v2\/pages"}],"about":[{"href":"https:\/\/aerocargaexpress.com\/index.php\/wp-json\/wp\/v2\/types\/page"}],"author":[{"embeddable":true,"href":"https:\/\/aerocargaexpress.com\/index.php\/wp-json\/wp\/v2\/users\/1"}],"replies":[{"embeddable":true,"href":"https:\/\/aerocargaexpress.com\/index.php\/wp-json\/wp\/v2\/comments?post=22"}],"version-history":[{"count":2,"href":"https:\/\/aerocargaexpress.com\/index.php\/wp-json\/wp\/v2\/pages\/22\/revisions"}],"predecessor-version":[{"id":237,"href":"https:\/\/aerocargaexpress.com\/index.php\/wp-json\/wp\/v2\/pages\/22\/revisions\/237"}],"wp:attachment":[{"href":"https:\/\/aerocargaexpress.com\/index.php\/wp-json\/wp\/v2\/media?parent=22"}],"curies":[{"name":"wp","href":"https:\/\/api.w.org\/{rel}","templated":true}]}}